 Suppose 0*n + 32 = -3*n + 4*h, n + q = 5*h. Let a(v) = v**2 + 7*v - 3. What is the units digit of a(n)?
5
Let m(f) = f**3 + 7*f**2 - f. Let p be m(-6). Suppose -u + p = 2*u. What is the units digit of u?
4
Suppose -4*x + 24 = f, -5*x + 3 = -5*f - 2. Suppose d + z + 5 = -0*z, -x*z = -2*d + 25. What is the tens digit of d + 2 - -10*1?
1
Suppose 4*p - 81 = 55. What is the units digit of p?
4
Let z(b) be the first derivative of b**2/2 - b - 1. Let u be z(4). Suppose 13 = -u*x + 49. What is the tens digit of x?
1
Let p(w) = 2*w**2 + w + 1. Suppose -4*k + d = -14 + 3, -2*d = 4*k - 2. What is the units digit of p(k)?
1
Let b be (-16)/12*(-3)/2. Let x be 0 - (b - (-4)/2). What is the units digit of x/6*3/(-2)?
1
Suppose -14*c - 207 = -1481. What is the tens digit of c?
9
Let h(b) be the third derivative of -b**5/60 - b**4/6 + b**3/2 - b**2. Let p be h(-4). Let t = 10 - p. What is the units digit of t?
7
Let i(l) = l**3 + 5*l**2 + 5*l + 6. Let p(h) = -h**3 - 2*h**2 + 8*h - 4. Let c be p(-4). What is the units digit of i(c)?
2
Let m = -13 - -20. Let s = -1 + m. Suppose -46 = -5*b - s. What is the units digit of b?
8
Let j(r) = -r**3 + 10*r**2 + 5*r - 8. Let t be (-3*1)/(9/(-30)). What is the tens digit of j(t)?
4
Let c be ((-5)/((-5)/72))/1. Suppose c = 4*s + 4*f, 0 = -s + 4*f + 2 + 1. What is the tens digit of s?
1
Let k = 42 - 19. What is the units digit of k?
3
Let b = 19 - 11. Let c be (-20)/(-11) + b/44. Suppose c*k + 28 = 3*k - 3*g, 4*g = -3*k + 32. What is the tens digit of k?
1
Suppose 0 = -3*v + u + 105, 0 = -2*v - 4*u - 0*u + 70. What is the units digit of v?
5
Let o = -12 - -48. What is the units digit of o?
6
Let o = -13 - -19. Suppose 2*l = -n + 6, -6*l - 3*n = -4*l - o. Suppose 0*k = k + q - 4, 4*k - l*q = 51. What is the units digit of k?
9
Let u(m) = m**2 + 11*m + 5. Let w be u(-11). Suppose -2*n + n + w*q = -1, 4*q = 0. What is the units digit of n?
1
Let f = -17 + 29. Suppose 3*p + f = 63. What is the tens digit of p?
1
Let k = 234 - 129. What is the hundreds digit of k?
1
Let g(y) = -y**2 - 8*y. Let h be g(-7). Suppose 0 = -3*n + h*n - 44. What is the tens digit of n?
1
Suppose 5*r + 4*q - 8 = 0, 2*r - q = 2*q + 17. Suppose -3*z = z - r. What is the units digit of z?
1
Let d(s) = -s**2 + 7*s + 4. Suppose -3*i = -9 - 6. Let v be d(i). Suppose 0 = 6*o - 2*o - 2*a - v, 5*a - 37 = -2*o. What is the units digit of o?
6
Suppose 0*m = m - 34. What is the tens digit of m?
3
Suppose 7*o + 16 = 9*o. What is the units digit of o?
8
Let z(c) = 2*c**2 + 3*c - 3. What is the units digit of z(2)?
1
Let u be (-2)/6 + (-3)/(-9). Suppose -24 + u = -3*v. What is the units digit of v?
8
Suppose 15*b - 14 = 13*b. What is the units digit of b?
7
Let c(b) = -b**3 - 6*b**2 + 14*b + 1. What is the units digit of c(-8)?
7
Let u be (-1)/2 + 225/30. Let f = -3 + u. What is the units digit of f?
4
Let l(h) = -h**2 + 10*h + 3. Let y be l(10). Suppose y = 5*d - 17. What is the units digit of d?
4
Let w be (-40)/18 - (-8)/36. Let k be (2 + w)/(-1 - 1). Let d = k + 1. What is the units digit of d?
1
Suppose v + v = 8. Suppose 0*k = v*k - 28. What is the units digit of (-2 - 0) + k + 1?
6
Let h(s) = -s**2 - 6*s + 8. Let r be h(-7). What is the units digit of (6 - 3)/(r/2)?
6
What is the tens digit of 362 - (10 - (-25)/(-5))?
5
Let d(a) = a**3 - a**2 - a + 5. Let k be d(0). Suppose k*b - 117 = -i, 90 = 4*b - 0*i - i. What is the tens digit of b?
2
Suppose -5*l = -2*l + 54. What is the units digit of (-3)/(21/l - -1)?
8
What is the tens digit of (15/20)/((-6)/(-1816))?
2
Suppose 0 = 5*b + 4*a - 109, 5*a - 3*a + 8 = 0. What is the units digit of b?
5
Let q be 3 + -5 - (-1 - -9). Let o be q/4*-2 + -2. Suppose -o*r + 1 + 11 = 0. What is the units digit of r?
4
Let t = 18 - 15. What is the units digit of t?
3
Suppose -59 = -3*g - 3*i + 4*i, -3 = -g - 3*i. What is the tens digit of g?
1
Let f = -315 - -543. What is the hundreds digit of f?
2
Let s be (0 + 0)*(-2)/4. Let i(d) = d**2 - 6. Let b be i(s). What is the units digit of (b/(-4))/((-1)/(-2))?
3
Suppose 3*c - 58 = 2*f, f = 2*c - 30 - 9. What is the units digit of c?
0
Let p be 4/18 + (-43)/(-9). Suppose p*w - 3*w + 48 = 0. Let y = -13 - w. What is the units digit of y?
1
Let j be 1/(-3) - 1105/(-39). Let h = 59 - 39. Let s = j - h. What is the units digit of s?
8
Let z(s) = -s**3 + 1. Let w be z(-1). Let j be 0 + w - -2 - -1. Suppose -3*f = 4*k - 15, -k + 5*k - 39 = j*f. What is the units digit of k?
6
Suppose -6*d = -4*d - 8. Suppose 0 = -d*v + 3*a + 43, -5*v + 25 = -2*a + 4*a. Let y = -2 + v. What is the units digit of y?
5
Suppose -10*u + 5*u + 290 = 0. What is the units digit of u?
8
Suppose -2*n = -2*x - 0*n + 254, -4*n + 653 = 5*x. What is the tens digit of x?
2
Let p(h) = 4*h**2 - 4*h + 5. What is the tens digit of p(4)?
5
Suppose s + 3*s = 8, 3*w = -2*s + 703. What is the tens digit of w?
3
Let h(w) = 17*w**3 - 2*w**2 + 1. What is the tens digit of h(1)?
1
Let v(h) = -h**3 + 3*h**2 + h. Let q be v(3). Suppose 4*p = q + 153. What is the tens digit of p?
3
Let i be (-1)/(-6) - (-13)/(-6). What is the units digit of 12 - (i + (-3)/(-1))?
1
Let y = 48 - 27. What is the units digit of y?
1
Suppose -3*i + 114 = -6*i. Let c = i + 55. What is the units digit of c?
7
Suppose 862 = 5*r + 87. What is the tens digit of r?
5
Suppose 28 = 5*l - 2. Let o be 3/l - 1/(-2). What is the units digit of 1 + -1 + 1 + o?
2
Let g be (-24)/(-5) - (-2)/10. Suppose g*o - 7*o + 70 = 0. Let v = -19 + o. What is the tens digit of v?
1
Suppose -3*o = -5*g + 534, -2*o - 3*o - 540 = -5*g. What is the tens digit of g?
0
Suppose 0 = -4*k - 12, -5*w - 4*k - 3 - 9 = 0. Suppose -3*b - 3 = -w. Let s = 5 - b. What is the units digit of s?
6
Let d(a) = a**3 + 2*a**2. Let b be d(-2). Suppose -2*n - n = b. Suppose 4*t + 0*t - 8 = n. What is the units digit of t?
2
What is the units digit of ((-132)/55)/(6/(-320))?
8
Let n(v) = v + 16. Let k be n(-7). Let r(l) = -l**3 - 5*l**2 - 2*l - 7. Let j be r(-5). Let x = k - j. What is the units digit of x?
6
Let p = -6 - -5. Let m be 3 + p + -20 + 0. What is the units digit of 24/m*(-6)/4?
2
Let a(t) = -t**3 + 10*t**2 + 11*t + 1. Suppose 0 = -2*s - s + 33. What is the units digit of a(s)?
1
Let y(l) = -18*l + 5. Let g(o) = o. Let f(h) = -4*g(h) - y(h). What is the tens digit of f(2)?
2
Let b = 4 - -13. What is the tens digit of b?
1
What is the units digit of (-2343)/(-27) + (-8)/(-36)?
7
Suppose -25 = -5*s - t + 3*t, -3*s = 4*t + 11. Let i = 9 + -3. Suppose -4*g + 8 = s*o - 2, -3*o = -i. What is the units digit of g?
1
Suppose -44 + 114 = 5*v. Suppose a = i - v, -2*a - 3*a + 56 = 4*i. What is the tens digit of i?
1
Let b(r) = -r**3 - 6*r**2 + 3*r + 9. Let g be b(-6). Let v(k) = k**2 + 8*k - 2. What is the units digit of v(g)?
7
Suppose 5*v = 17 + 8. What is the units digit of v*(-3 + 124/20)?
6
Let v be (1 - 10)/((-9)/9). What is the tens digit of (-22)/(-3)*v/6?
1
Suppose 4*s = 2*p + 36, 0*s - 4*s + 28 = -4*p. Let v be 117/(-15) - (-2)/(-10). Let d = s + v. What is the units digit of d?
3
Let u = -1 + 27. What is the tens digit of u?
2
Let w = 114 + -67. Suppose 0 = -k - 4*i + w, -2*k = -i - 3*i - 118. What is the tens digit of k?
5
Suppose t + 316 = 5*t. What is the tens digit of t?
7
Suppose k - 2*j = -3*k - 4, 0 = 3*k - 3*j + 6. Suppose 2*p = 3*l + 47, p - 4*l = -k*p + 31. What is the units digit of p?
9
Let j(p) = -p - 1. Let t be j(0). Let y = t + 7. Suppose 0 = -5*h + 2*x + 6, -y = x - 4*x. What is the units digit of h?
2
Let d = 41 + -24. What is the tens digit of d?
1
Let x(m) = 2*m**2 + 10*m - 2. Let w be x(-9). Suppose 6*g - g = w. What is the units digit of g?
4
Suppose -2*g - 22 = -2*t, -5*g = 4*t - 4*g - 29. What is the units digit of t?
8
Let i = 173 + -172. What is the units digit of i?
1
Let z(w) = -2 - 7 - 5 + 5*w + 2*w**2. What is the units digit of z(-6)?
8
What is the tens digit of (-5)/((-10)/104) - -2?
5
Let p(n) = 3*n + 3. What is the tens digit of p(8)?
2
Let v = 400 + -281. What is the units digit of v?
9
Suppose 136 = n + 5*m, -n - m + 728 = 4*n. What is the tens digit of n?
4
Let z(a) = 49*a - 10. What is the units digit of z(5)?
5
Let k = -107 - -178. What is the units digit of k?
1
Suppose -2*y + 3 = -l, 0 = 5*l - 0*y - 4*y - 3. Suppose -16 = -l*q - q. Suppose 3*v - 11 = q. Wh